{"id":1463,"date":"2023-08-03T23:00:31","date_gmt":"2023-08-03T21:00:31","guid":{"rendered":"https:\/\/washtech.com.pl\/?page_id=1463"},"modified":"2023-08-03T23:17:23","modified_gmt":"2023-08-03T21:17:23","slug":"korzysci","status":"publish","type":"page","link":"https:\/\/washtech.com.pl\/?page_id=1463","title":{"rendered":"Korzy\u015bci"},"content":{"rendered":"\n<div class=\"guten-element guten-spacer guten-8aaPt4\"><\/div>\n\n\n\n<div class=\"section-wrapper\" data-id=\"NBEHBY\"><section class=\"wp-block-gutenverse-section guten-element guten-section guten-NBEHBY layout-boxed align-stretch\"><div class=\"guten-background-overlay\"><\/div><div class=\"guten-shape-divider guten-shape-divider-top\"><\/div><div class=\"guten-shape-divider guten-shape-divider-bottom\"><\/div><div class=\"guten-container guten-column-gap-default\">\n<div class=\"wp-block-gutenverse-column guten-element guten-column guten-og0f8x\"><div class=\"guten-background-overlay\"><\/div><div class=\"sticky-wrapper\" data-id=\"og0f8x\"><div class=\"guten-column-wrapper\">\n<div class=\"wp-block-gutenverse-icon guten-element guten-idZlrN guten-icon animated guten-element-hide desktop-fadeIn\"><span class=\"guten-icon-wrapper rounded stacked\"><i class=\"fas fa-balance-scale-left\"><\/i><\/span><\/div>\n<\/div><\/div><\/div>\n\n\n\n<div class=\"wp-block-gutenverse-column guten-element guten-column guten-53J6XC\"><div class=\"guten-background-overlay\"><\/div><div class=\"sticky-wrapper\" data-id=\"53J6XC\"><div class=\"guten-column-wrapper\">\n<div class=\"guten-element gutenverse-text-editor guten-WrXOOM\"><div class=\"text-content-inner\">\n<p class=\"has-large-font-size\" style=\"font-style:normal;font-weight:600\">Efekt<\/p>\n\n\n\n<p>Projekt umo\u017cliwi rozwi\u0105zanie dw\u00f3ch podstawowych problem\u00f3w, kt\u00f3re obecnie rzutuj\u0105 na koszt prania recyklingowych tworzyw sztucznych w postaci przemia\u0142u.<\/p>\n\n\n\n<div class=\"guten-element guten-icon-list guten-QwXYFe\">\n<div class=\"guten-element guten-icon-list-item guten-a0I9Mi\"><a id=\"guten-a0I9Mi\"><i class=\"fas fa-check-double\"><\/i><span class=\"list-text \">Zu\u017cycie energii elektrycznej;<\/span><\/a><\/div>\n\n\n\n<div class=\"guten-element guten-icon-list-item guten-J8ydyW\"><a id=\"guten-J8ydyW\"><i class=\"fas fa-check-double\"><\/i><span class=\"list-text \">Wyeliminowanie konieczno\u015bci utylizacji zanieczyszczonej wody \u015brodkami chemicznymi wykorzystanymi do prania tworzyw i ograniczenie zu\u017cycia ilo\u015bci wody.<\/span><\/a><\/div>\n<\/div>\n\n\n\n<div class=\"guten-element guten-spacer guten-lESikg\"><\/div>\n\n\n\n<p>Dodatkowo fale ultrad\u017awi\u0119kowe zabijaj\u0105 bakterie i wirusy, a wi\u0119c powsta\u0142y produkt mo\u017ce by\u0107 wykorzystany do opakowa\u0144 dla substancji spo\u017cywczych.<\/p>\n<\/div><\/div>\n<\/div><\/div><\/div>\n<\/div><\/section><\/div>\n\n\n\n<div class=\"section-wrapper\" data-id=\"VQ4YY4\"><section class=\"wp-block-gutenverse-section guten-element guten-section guten-VQ4YY4 layout-boxed align-stretch\"><div class=\"guten-background-overlay\"><\/div><div class=\"guten-shape-divider guten-shape-divider-top\"><\/div><div class=\"guten-shape-divider guten-shape-divider-bottom\"><\/div><div class=\"guten-container guten-column-gap-default\">\n<div class=\"wp-block-gutenverse-column guten-element guten-column guten-478Pnf\"><div class=\"guten-background-overlay\"><\/div><div class=\"sticky-wrapper\" data-id=\"478Pnf\"><div class=\"guten-column-wrapper\">\n<div class=\"wp-block-gutenverse-icon guten-element guten-gXqdCp guten-icon animated guten-element-hide desktop-fadeIn\"><span class=\"guten-icon-wrapper rounded stacked\"><i class=\"gtn gtn-one-light\"><\/i><\/span><\/div>\n<\/div><\/div><\/div>\n\n\n\n<div class=\"wp-block-gutenverse-column guten-element guten-column guten-PtgZ9L\"><div class=\"guten-background-overlay\"><\/div><div class=\"sticky-wrapper\" data-id=\"PtgZ9L\"><div class=\"guten-column-wrapper\">\n<div class=\"guten-element gutenverse-text-editor guten-Sv6lak\"><div class=\"text-content-inner\">\n<p class=\"has-large-font-size\" style=\"font-style:normal;font-weight:600\">Przewaga<\/p>\n\n\n\n<p>Aktualnie dost\u0119pne pralnice oraz urz\u0105dzenia do prania tworzyw sztucznych na rynku u\u017cywaj\u0105 energi\u0119 elektryczn\u0105 w celu ogrzania zimnej wody do odpowiedniej temperatury oraz dodawania \u015brodk\u00f3w chemicznych.<\/p>\n\n\n\n<p>Innowacyjno\u015b\u0107 projektu skupia si\u0119 na rezygnacji z podgrzewania wody do temp 85 stopni, co daje oko\u0142o 50% mniej koszt\u00f3w prania, jak te\u017c rezygnacji z dodawania obecnie stosowanych \u015brodk\u00f3w chemicznych, kt\u00f3re s\u0105 drogie, a zast\u0105pienie ich \u015brodkiem biodegradowalnym.<\/p>\n\n\n\n<div class=\"guten-element guten-spacer guten-kEnSPv\"><\/div>\n<\/div><\/div>\n<\/div><\/div><\/div>\n<\/div><\/section><\/div>\n\n\n\n<div class=\"section-wrapper\" data-id=\"DBneUI\"><section class=\"wp-block-gutenverse-section guten-element guten-section guten-DBneUI layout-boxed align-stretch\"><div class=\"guten-background-overlay\"><\/div><div class=\"guten-shape-divider guten-shape-divider-top\"><\/div><div class=\"guten-shape-divider guten-shape-divider-bottom\"><\/div><div class=\"guten-container guten-column-gap-default\">\n<div class=\"wp-block-gutenverse-column guten-element guten-column guten-b87xZn\"><div class=\"guten-background-overlay\"><\/div><div class=\"sticky-wrapper\" data-id=\"b87xZn\"><div class=\"guten-column-wrapper\">\n<div class=\"wp-block-gutenverse-icon guten-element guten-hAx5pi guten-icon animated guten-element-hide desktop-fadeIn\"><span class=\"guten-icon-wrapper rounded stacked\"><i class=\"fas fa-coins\"><\/i><\/span><\/div>\n<\/div><\/div><\/div>\n\n\n\n<div class=\"wp-block-gutenverse-column guten-element guten-column guten-ryTlt3\"><div class=\"guten-background-overlay\"><\/div><div class=\"sticky-wrapper\" data-id=\"ryTlt3\"><div class=\"guten-column-wrapper\">\n<div class=\"guten-element gutenverse-text-editor guten-cQlnxG\"><div class=\"text-content-inner\">\n<p class=\"has-large-font-size\" style=\"font-style:normal;font-weight:600\">Zalety<\/p>\n\n\n\n<div class=\"guten-element guten-icon-list guten-8QRdWl\">\n<div class=\"guten-element guten-icon-list-item guten-kM6oKE\"><a id=\"guten-kM6oKE\"><i class=\"fas fa-check-double\"><\/i><span class=\"list-text \">Mniejsze zu\u017cycie energii elektrycznej poprzez wyeliminowanie potrzeby podgrzania wody do procesu mycia co pozwala na zmniejszenie koszt\u00f3w prania o oko\u0142o 50%<\/span><\/a><\/div>\n\n\n\n<div class=\"guten-element guten-icon-list-item guten-Yfhchd\"><a id=\"guten-Yfhchd\"><i class=\"fas fa-check-double\"><\/i><span class=\"list-text \">Zast\u0105pienie \u015brodk\u00f3w chemicznych \u015brodkami biodegradowalnymi, co umo\u017cliwia ograniczenie zu\u017cycia wymagaj\u0105cych utylizacji \u015brodk\u00f3w oraz zu\u017cycia wody u\u017cytych w procesie<\/span><\/a><\/div>\n\n\n\n<div class=\"guten-element guten-icon-list-item guten-vVm2ge\"><a id=\"guten-vVm2ge\"><i class=\"fas fa-check-double\"><\/i><span class=\"list-text \">Optymalizacja proces\u00f3w zwi\u0105zanych z praniem tworzyw sztucznych na poziomie przemia\u0142u w kontek\u015bcie wydajno\u015bci, koszt\u00f3w procesu, a tak\u017ce ekologii.<\/span><\/a><\/div>\n\n\n\n<div class=\"guten-element guten-icon-list-item guten-wMl9Ne\"><a id=\"guten-wMl9Ne\"><i class=\"fas fa-check-double\"><\/i><span class=\"list-text \">Automatyzacja pozwalaj\u0105ca na efektywne dozowanie nat\u0119\u017cenia ultrad\u017awi\u0119k\u00f3w, dozowanie czasu czyszczenia oraz dozowanie wody z drugiego obiegu.<\/span><\/a><\/div>\n\n\n\n<div class=\"guten-element guten-icon-list-item guten-2mYYFF\"><a id=\"guten-2mYYFF\"><i class=\"fas fa-check-double\"><\/i><span class=\"list-text \">U\u017cycie biodegradowalnych \u015brodk\u00f3w pozwalaj\u0105cych na przy\u015bpieszenie procesu czyszczenia i zachowania ograniczenie zanieczyszczania wody.<\/span><\/a><\/div>\n<\/div>\n<\/div><\/div>\n<\/div><\/div><\/div>\n<\/div><\/section><\/div>\n\n\n\n<div class=\"guten-element guten-spacer guten-IDKrd1\"><\/div>\n\n\n\n<div class=\"section-wrapper\" data-id=\"TdIB4d\"><section class=\"wp-block-gutenverse-section guten-element guten-section guten-TdIB4d layout-boxed align-stretch\"><div class=\"guten-background-overlay\"><\/div><div class=\"guten-shape-divider guten-shape-divider-top\"><\/div><div class=\"guten-shape-divider guten-shape-divider-bottom\"><\/div><div class=\"guten-container guten-column-gap-default\">\n<div class=\"wp-block-gutenverse-column guten-element guten-column guten-f68VNi\"><div class=\"guten-background-overlay\"><\/div><div class=\"sticky-wrapper\" data-id=\"f68VNi\"><div class=\"guten-column-wrapper\">\n<div class=\"wp-block-gutenverse-icon guten-element guten-bn7fUv guten-icon animated guten-element-hide desktop-fadeIn\"><span class=\"guten-icon-wrapper rounded stacked\"><i class=\"fas fa-chart-area\"><\/i><\/span><\/div>\n<\/div><\/div><\/div>\n\n\n\n<div class=\"wp-block-gutenverse-column guten-element guten-column guten-gCbqcs\"><div class=\"guten-background-overlay\"><\/div><div class=\"sticky-wrapper\" data-id=\"gCbqcs\"><div class=\"guten-column-wrapper\">\n<div class=\"guten-element gutenverse-text-editor guten-hLIaid\"><div class=\"text-content-inner\">\n<p class=\"has-large-font-size\" style=\"font-style:normal;font-weight:600\">Korzy\u015bci<\/p>\n\n\n\n<div class=\"guten-element guten-icon-list guten-89mH4u\">\n<div class=\"guten-element guten-icon-list-item guten-os1Uh4\"><a id=\"guten-os1Uh4\"><i class=\"fas fa-check-double\"><\/i><span class=\"list-text \">Skuteczno\u015b\u0107 w czyszczeniu: Technologia fal ultrad\u017awi\u0119kowych pozwala na dok\u0142adniejsze i skuteczniejsze czyszczenie odpad\u00f3w tworzyw sztucznych. Fale ultrad\u017awi\u0119kowe wibracyjnie oddzia\u0142uj\u0105 na powierzchni\u0119 materia\u0142u, powoduj\u0105c rozpadanie si\u0119 i oddzielanie zanieczyszcze\u0144 od samego tworzywa. Dzi\u0119ki temu, mo\u017cna skutecznie usun\u0105\u0107 nawet trudne do usuni\u0119cia zanieczyszczenia, takie jak oleje, farby czy kleje.<\/span><\/a><\/div>\n\n\n\n<div class=\"guten-element guten-icon-list-item guten-xs8icx\"><a id=\"guten-xs8icx\"><i class=\"fas fa-check-double\"><\/i><span class=\"list-text \">Ekonomiczno\u015b\u0107: Innowacyjne rozwi\u0105zania w zakresie czyszczenia odpad\u00f3w tworzyw sztucznych mog\u0105 prowadzi\u0107 do redukcji koszt\u00f3w. Dzi\u0119ki bardziej efektywnemu procesowi czyszczenia mo\u017cna zaoszcz\u0119dzi\u0107 na ilo\u015bci potrzebnych \u015brodk\u00f3w chemicznych, wody oraz energii, co przek\u0142ada si\u0119 na mniejsze wydatki zwi\u0105zane z operacj\u0105 pralnicy.<\/span><\/a><\/div>\n\n\n\n<div class=\"guten-element guten-icon-list-item guten-pcfSuH\"><a id=\"guten-pcfSuH\"><i class=\"fas fa-check-double\"><\/i><span class=\"list-text \">Zr\u00f3wnowa\u017cony rozw\u00f3j i ochrona \u015brodowiska: Skuteczniejsze i ekonomiczne czyszczenie odpad\u00f3w tworzyw sztucznych pozwala na ograniczenie ilo\u015bci odpad\u00f3w, kt\u00f3re trafiaj\u0105 na sk\u0142adowiska lub s\u0105 spalane. To z kolei przyczynia si\u0119 do ochrony \u015brodowiska, redukcji zanieczyszczenia powietrza oraz zmniejszenia wykorzystania zasob\u00f3w naturalnych na produkcj\u0119 nowych tworzyw sztucznych.<\/span><\/a><\/div>\n\n\n\n<div class=\"guten-element guten-icon-list-item guten-gKoh5r\"><a id=\"guten-gKoh5r\"><i class=\"fas fa-check-double\"><\/i><span class=\"list-text \">Automatyzacja i skalowalno\u015b\u0107: Wykorzystanie zautomatyzowanej pralnicy ultrad\u017awi\u0119kowej pozwala na zwi\u0119kszenie efektywno\u015bci procesu czyszczenia oraz skalowalno\u015b\u0107 produkcji. Automatyczne operacje oznaczaj\u0105 mniejsz\u0105 ingerencj\u0119 cz\u0142owieka w proces i potencjalnie wi\u0119ksz\u0105 szybko\u015b\u0107 oraz precyzj\u0119 w czyszczeniu.<\/span><\/a><\/div>\n\n\n\n<div class=\"guten-element guten-icon-list-item guten-g8gz4j\"><a id=\"guten-g8gz4j\"><i class=\"fas fa-check-double\"><\/i><span class=\"list-text \">Wzrost konkurencyjno\u015bci rynkowej: Przyswojenie innowacyjnej technologii, kt\u00f3ra umo\u017cliwia bardziej efektywne i ekonomiczne czyszczenie odpad\u00f3w tworzyw sztucznych, mo\u017ce zwi\u0119kszy\u0107 konkurencyjno\u015b\u0107 przedsi\u0119biorstwa w bran\u017cy recyklingu. Mo\u017ce r\u00f3wnie\u017c przyczyni\u0107 si\u0119 do pozyskiwania nowych kontrakt\u00f3w i partnerstw w dziedzinie recyklingu i gospodarki odpadami.<\/span><\/a><\/div>\n<\/div>\n<\/div><\/div>\n<\/div><\/div><\/div>\n<\/div><\/section><\/div>\n\n\n\n<div class=\"guten-element guten-spacer guten-9Jk4D9\"><\/div>\n","protected":false},"excerpt":{"rendered":"","protected":false},"author":1,"featured_media":0,"parent":0,"menu_order":0,"comment_status":"closed","ping_status":"closed","template":"","meta":{"footnotes":""},"class_list":["post-1463","page","type-page","status-publish","hentry"],"_links":{"self":[{"href":"https:\/\/washtech.com.pl\/index.php?rest_route=\/wp\/v2\/pages\/1463","targetHints":{"allow":["GET"]}}],"collection":[{"href":"https:\/\/washtech.com.pl\/index.php?rest_route=\/wp\/v2\/pages"}],"about":[{"href":"https:\/\/washtech.com.pl\/index.php?rest_route=\/wp\/v2\/types\/page"}],"author":[{"embeddable":true,"href":"https:\/\/washtech.com.pl\/index.php?rest_route=\/wp\/v2\/users\/1"}],"replies":[{"embeddable":true,"href":"https:\/\/washtech.com.pl\/index.php?rest_route=%2Fwp%2Fv2%2Fcomments&post=1463"}],"version-history":[{"count":27,"href":"https:\/\/washtech.com.pl\/index.php?rest_route=\/wp\/v2\/pages\/1463\/revisions"}],"predecessor-version":[{"id":1490,"href":"https:\/\/washtech.com.pl\/index.php?rest_route=\/wp\/v2\/pages\/1463\/revisions\/1490"}],"wp:attachment":[{"href":"https:\/\/washtech.com.pl\/index.php?rest_route=%2Fwp%2Fv2%2Fmedia&parent=1463"}],"curies":[{"name":"wp","href":"https:\/\/api.w.org\/{rel}","templated":true}]}}