{"id":1430,"date":"2023-08-03T22:46:36","date_gmt":"2023-08-03T20:46:36","guid":{"rendered":"https:\/\/washtech.com.pl\/?page_id=1430"},"modified":"2023-08-03T23:00:06","modified_gmt":"2023-08-03T21:00:06","slug":"o-projekcie","status":"publish","type":"page","link":"https:\/\/washtech.com.pl\/?page_id=1430","title":{"rendered":"O firmie"},"content":{"rendered":"\n<div class=\"guten-element guten-spacer guten-8aaPt4\"><\/div>\n\n\n\n<div class=\"section-wrapper\" data-id=\"NBEHBY\"><section class=\"wp-block-gutenverse-section guten-element guten-section guten-NBEHBY layout-boxed align-stretch\"><div class=\"guten-background-overlay\"><\/div><div class=\"guten-shape-divider guten-shape-divider-top\"><\/div><div class=\"guten-shape-divider guten-shape-divider-bottom\"><\/div><div class=\"guten-container guten-column-gap-default\">\n<div class=\"wp-block-gutenverse-column guten-element guten-column guten-og0f8x\"><div class=\"guten-background-overlay\"><\/div><div class=\"sticky-wrapper\" data-id=\"og0f8x\"><div class=\"guten-column-wrapper\">\n<div class=\"wp-block-gutenverse-icon guten-element guten-idZlrN guten-icon animated guten-element-hide desktop-fadeIn\"><span class=\"guten-icon-wrapper rounded stacked\"><i class=\"gtn gtn-building-light\"><\/i><\/span><\/div>\n<\/div><\/div><\/div>\n\n\n\n<div class=\"wp-block-gutenverse-column guten-element guten-column guten-53J6XC\"><div class=\"guten-background-overlay\"><\/div><div class=\"sticky-wrapper\" data-id=\"53J6XC\"><div class=\"guten-column-wrapper\">\n<div class=\"guten-element gutenverse-text-editor guten-WrXOOM\"><div class=\"text-content-inner\">\n<p class=\"has-large-font-size\" style=\"font-style:normal;font-weight:600\">O firmie<\/p>\n\n\n\n<p>Plastic Wash Tech sp. z.o.o. jest innowacyjn\u0105 sp\u00f3\u0142k\u0105 powsta\u0142\u0105 w celu opracowania i wdro\u017cenia innowacyjnej technologii mycia odpad\u00f3w tworzyw sztucznych z wykorzystaniem technologii ultrad\u017awi\u0119kowych. Dzi\u0119ki pracom badawczo-rozwojowym powsta\u0142a zautomatyzowana pralnica ultrad\u017awi\u0119kowa do mycia odpadowych tworzyw sztucznych.<\/p>\n\n\n\n<p>Prace badawczo-rozwojowe obejmowa\u0142y analiz\u0119 wykorzystania technologii fal ultrad\u017awi\u0119kowych, w ramach procesu czyszczenia odpad\u00f3w tworzyw sztucznych.<\/p>\n\n\n\n<p>Rozwi\u0105zanie Plastic Wash Tech daje mo\u017cliwo\u015b\u0107 oczyszczenia odpad\u00f3w w spos\u00f3b bardziej efektywny i ekonomiczny.<\/p>\n\n\n\n<div class=\"guten-element guten-spacer guten-lESikg\"><\/div>\n<\/div><\/div>\n<\/div><\/div><\/div>\n<\/div><\/section><\/div>\n\n\n\n<div class=\"section-wrapper\" data-id=\"VQ4YY4\"><section class=\"wp-block-gutenverse-section guten-element guten-section guten-VQ4YY4 layout-boxed align-stretch\"><div class=\"guten-background-overlay\"><\/div><div class=\"guten-shape-divider guten-shape-divider-top\"><\/div><div class=\"guten-shape-divider guten-shape-divider-bottom\"><\/div><div class=\"guten-container guten-column-gap-default\">\n<div class=\"wp-block-gutenverse-column guten-element guten-column guten-478Pnf\"><div class=\"guten-background-overlay\"><\/div><div class=\"sticky-wrapper\" data-id=\"478Pnf\"><div class=\"guten-column-wrapper\">\n<div class=\"wp-block-gutenverse-icon guten-element guten-gXqdCp guten-icon animated guten-element-hide desktop-fadeIn\"><span class=\"guten-icon-wrapper rounded stacked\"><i class=\"gtn gtn-target-light\"><\/i><\/span><\/div>\n<\/div><\/div><\/div>\n\n\n\n<div class=\"wp-block-gutenverse-column guten-element guten-column guten-PtgZ9L\"><div class=\"guten-background-overlay\"><\/div><div class=\"sticky-wrapper\" data-id=\"PtgZ9L\"><div class=\"guten-column-wrapper\">\n<div class=\"guten-element gutenverse-text-editor guten-Sv6lak\"><div class=\"text-content-inner\">\n<p class=\"has-large-font-size\" style=\"font-style:normal;font-weight:600\">Cel bada\u0144<\/p>\n\n\n\n<p>Celem projektu badawczego by\u0142o powstanie nowego produktu: zautomatyzowanej pralnicy ultrad\u017awi\u0119kowej do czyszczenia odpad\u00f3w tworzyw sztucznych. Urz\u0105dzenie ma za zadanie pranie i czyszczenie odpad\u00f3w z tworzyw sztucznych przy u\u017cyciu fal ultrad\u017awi\u0119kowych.<\/p>\n\n\n\n<div class=\"guten-element guten-spacer guten-kEnSPv\"><\/div>\n<\/div><\/div>\n<\/div><\/div><\/div>\n<\/div><\/section><\/div>\n\n\n\n<div class=\"section-wrapper\" data-id=\"DBneUI\"><section class=\"wp-block-gutenverse-section guten-element guten-section guten-DBneUI layout-boxed align-stretch\"><div class=\"guten-background-overlay\"><\/div><div class=\"guten-shape-divider guten-shape-divider-top\"><\/div><div class=\"guten-shape-divider guten-shape-divider-bottom\"><\/div><div class=\"guten-container guten-column-gap-default\">\n<div class=\"wp-block-gutenverse-column guten-element guten-column guten-b87xZn\"><div class=\"guten-background-overlay\"><\/div><div class=\"sticky-wrapper\" data-id=\"b87xZn\"><div class=\"guten-column-wrapper\">\n<div class=\"wp-block-gutenverse-icon guten-element guten-hAx5pi guten-icon animated guten-element-hide desktop-fadeIn\"><span class=\"guten-icon-wrapper rounded stacked\"><i class=\"far fa-lightbulb\"><\/i><\/span><\/div>\n<\/div><\/div><\/div>\n\n\n\n<div class=\"wp-block-gutenverse-column guten-element guten-column guten-ryTlt3\"><div class=\"guten-background-overlay\"><\/div><div class=\"sticky-wrapper\" data-id=\"ryTlt3\"><div class=\"guten-column-wrapper\">\n<div class=\"guten-element gutenverse-text-editor guten-cQlnxG\"><div class=\"text-content-inner\">\n<p class=\"has-large-font-size\" style=\"font-style:normal;font-weight:600\">Innowacja<\/p>\n\n\n\n<p>Dokonano wprowadzenia innowacji technologicznej do obecnie stosowanych proces\u00f3w w praniu tworzyw sztucznych pochodzenia recyklingowego. Czyszczenie tworzyw sztucznych odbywa\u0107 si\u0119 b\u0119dzie przy u\u017cyciu fal ultrad\u017awi\u0119kowych w zimnej wodzie bez u\u017cycia \u015brodk\u00f3w chemicznych, maj\u0105cych negatywny wp\u0142yw na \u015brodowisko.<\/p>\n<\/div><\/div>\n<\/div><\/div><\/div>\n<\/div><\/section><\/div>\n\n\n\n<div class=\"guten-element guten-spacer guten-9Jk4D9\"><\/div>\n","protected":false},"excerpt":{"rendered":"","protected":false},"author":1,"featured_media":0,"parent":0,"menu_order":0,"comment_status":"closed","ping_status":"closed","template":"","meta":{"footnotes":""},"class_list":["post-1430","page","type-page","status-publish","hentry"],"_links":{"self":[{"href":"https:\/\/washtech.com.pl\/index.php?rest_route=\/wp\/v2\/pages\/1430","targetHints":{"allow":["GET"]}}],"collection":[{"href":"https:\/\/washtech.com.pl\/index.php?rest_route=\/wp\/v2\/pages"}],"about":[{"href":"https:\/\/washtech.com.pl\/index.php?rest_route=\/wp\/v2\/types\/page"}],"author":[{"embeddable":true,"href":"https:\/\/washtech.com.pl\/index.php?rest_route=\/wp\/v2\/users\/1"}],"replies":[{"embeddable":true,"href":"https:\/\/washtech.com.pl\/index.php?rest_route=%2Fwp%2Fv2%2Fcomments&post=1430"}],"version-history":[{"count":31,"href":"https:\/\/washtech.com.pl\/index.php?rest_route=\/wp\/v2\/pages\/1430\/revisions"}],"predecessor-version":[{"id":1462,"href":"https:\/\/washtech.com.pl\/index.php?rest_route=\/wp\/v2\/pages\/1430\/revisions\/1462"}],"wp:attachment":[{"href":"https:\/\/washtech.com.pl\/index.php?rest_route=%2Fwp%2Fv2%2Fmedia&parent=1430"}],"curies":[{"name":"wp","href":"https:\/\/api.w.org\/{rel}","templated":true}]}}